 -2*m - 12 = -5*m. Suppose 0 = -m*d - d - 5. What is the remainder when 55 is divided by (-4)/2*(-8 - d)?
13
Suppose 1053 = 14*p - p. Suppose -m = -q + 29 - p, 0 = -q - 1. What is the remainder when m is divided by 18?
15
Suppose 16*p - 910 = -10*p. Calculate the remainder when p is divided by 13.
9
Let z(d) = -d**2 - 11*d - 20. Suppose -3*g + 21 = -5*g - y, -g + 2*y = -2. Calculate the remainder when 9 is divided by z(g).
1
Suppose -145 = -2*f - 555. Let w = f - -368. What is the remainder when w is divided by 41?
40
Let u = 536 - 466. Calculate the remainder when 133 is divided by u.
63
Suppose 0 = -2*u - 3*z + 245, -4*u + 270 = -3*z - 193. Let p = 90 + -70. Calculate the remainder when u is divided by p.
18
Suppose 0 = -a + 3 + 3. Let p = 23 + -12. What is the remainder when p is divided by a?
5
Suppose 0 = 5*k - 3*s - 2, -3*k = -0*s - 3*s. Suppose -18 = 12*d - 102. Calculate the remainder when d is divided by k.
0
Let s = 64 + -59. What is the remainder when 54 is divided by s?
4
Suppose -21*j + 1445 + 550 = 0. Calculate the remainder when j is divided by 90.
5
Let k(y) = y**3 + 6*y**2 - 4*y - 5. Suppose 0 = -4*f - 4, 538 + 123 = 4*o + 3*f. Calculate the remainder when o is divided by k(-4).
37
Let h(f) = -3*f + 4. Let q be h(2). Suppose 4*k - 115 = 3*d, 3*d + 16 - 1 = 0. What is the remainder when (-98)/q + (-2 - 0) is divided by k?
22
Suppose -w - 7*l + 142 = -10*l, 0 = -2*w - l + 284. Calculate the remainder when w is divided by 45.
7
Suppose 2*g + 0*y - 197 = -5*y, -3*g + 358 = -5*y. Calculate the remainder when g is divided by -5 - (-1 + -1) - 133/(-7).
15
Let h(c) be the second derivative of 13*c**5/20 + 5*c**4/12 - 2*c**3/3 + c**2 + 48*c. Calculate the remainder when h(2) is divided by 40.
38
Suppose -5*f = -10, -2*p - 210*f + 646 = -212*f. What is the remainder when p is divided by 154?
17
Suppose 2*c - 146 + 82 = 0. Let k be (-6)/(-8) - (-76)/(-16). What is the remainder when c is divided by (11/(-2))/(2/k)?
10
Suppose -4*q + 198 = -2*q. Let r = -95 + 95. Suppose o - 2*t - 8 - 3 = r, t + 14 = o. What is the remainder when q is divided by o?
14
Let f = 1345 + -1320. What is the remainder when 26 is divided by f?
1
Let r(d) = -11*d**2 - d - 301. Let t(g) = 7*g**2 + g + 201. Let c(n) = 5*r(n) + 8*t(n). What is the remainder when c(0) is divided by 15?
13
Let w(b) = -b + 9. Suppose 2*m - 4 = 4. Let k be w(m). Suppose 0 = -a - k*r + 5 + 10, r + 8 = 2*a. What is the remainder when a is divided by 3?
2
Let d = -29 - -62. Suppose 2*h - 14 = -l, 2*l + 3*h + 6 = d. Calculate the remainder when 34 is divided by l.
10
Let l(z) = 25*z + 76. What is the remainder when 101 is divided by l(-2)?
23
Let t(p) = -2*p**2 + 33*p + 25. Calculate the remainder when 38 is divided by t(17).
6
Let j(z) = 52*z + 1. Calculate the remainder when j(1) is divided by 30/16*(-360)/(-540)*1*12.
8
Suppose 3*g - 4*h + 13 = 14, 4*h = 5*g - 15. Let q(s) = -4 + 3*s**2 + 7 - 2*s**2 - s. What is the remainder when q(g) is divided by 12?
9
Suppose -2*b - 4*p - 10 = 0, 2*b - 5*p - 18 = -b. Let o = 5 - b. Suppose 31 - 3 = o*s. What is the remainder when 12 is divided by s?
5
Suppose 0 = m + m - 8. Suppose -4*q = 3*i - 14, 2*q + i - m = q. Calculate the remainder when 7 is divided by q/(-5) - 24/(-10).
1
Let w = 10 + 65. What is the remainder when w is divided by 26?
23
Suppose -5*m + 29 = -36. Suppose 0*v - 2*v + 12 = -l, -5*v = -4*l - 33. What is the remainder when m is divided by l/(-3 - 57/(-21))?
6
Let a(c) = -18*c - 34. Suppose l - 6*l - 4*t = 12, -3*t = -4*l - 22. Calculate the remainder when 111 is divided by a(l).
35
Let b(v) = 2*v**2 + 2*v - 2. Let i be b(-2). Suppose 5*n + i = 22. Suppose -n*p - 32 = -136. What is the remainder when 77 is divided by p?
25
Suppose -22*p = -15*p - 259. What is the remainder when 56 is divided by p?
19
Suppose 0 = 2*u - 4*x - 94, 12 = -5*x + 2*x. Calculate the remainder when 387 is divided by u.
36
Suppose 28*u - 2209 - 143 = 0. What is the remainder when u is divided by 17?
16
Let g(m) = 15*m + 2. Suppose -10*a + 4 = -6*a. Calculate the remainder when 50 is divided by g(a).
16
Let r = 0 - -4. Suppose -q - 35 = 5*x, 8*x + 42 = r*x + 2*q. Let i = 15 + x. What is the remainder when 19 is divided by i?
5
Suppose 7*z - 8335 + 1627 = 5*k, z - 2*k - 957 = 0. Calculate the remainder when z is divided by 160.
159
Suppose -6*d = 2*j - 2*d - 54, d = -2*j + 69. Calculate the remainder when j is divided by 20.
17
What is the remainder when 6/(-15) - (-297)/5 is divided by (-1 - 0)/(220/75 - 3)?
14
Let s = -588 - -906. What is the remainder when s is divided by 78?
6
Let p = 125 - 106. Calculate the remainder when 74 is divided by p.
17
Let g(y) = -y**3 - 17*y**2 + 35*y - 44. Calculate the remainder when 62 is divided by g(-19).
10
Let m = -71 + 112. Let s = m - 28. Let z = 24 - s. Calculate the remainder when z is divided by 6.
5
Calculate the remainder when 93 is divided by 56*5*(-6)/(-105).
13
Calculate the remainder when 209 is divided by (-8)/(-16) + 981/18.
44
Calculate the remainder when 220 is divided by ((-231)/14 - -16) + (-83)/(-2).
15
Let q(l) = 3*l**2 + 1. Suppose 0*g - 3*g = 3*a, 0 = 2*a. Suppose -4*c = 2*h - 26, 3*h + g*h = -2*c + 23. What is the remainder when h is divided by q(-1)?
1
Let n be -18*(-1 + 0)/2. Let d be n/9*(-2 - 1). Calculate the remainder when 17 is divided by 3 - ((4 - 4) + d).
5
Let c = -10 + 12. Suppose c*i - 14 = 86. What is the remainder when i is divided by 17?
16
Let w(c) = 10*c**2 - 6*c - 15. What is the remainder when 184 is divided by w(-2)?
36
Suppose 4 = -2*v + 2*c + c, -8 = -v + 4*c. Let i(z) = -z + 1. Suppose -w + 3*w = 6. What is the remainder when i(v) is divided by w?
0
Let p(a) = 13*a**2 + 2*a - 1. Let l = -149 + 145. Calculate the remainder when (-1)/(l - 412/(-104)) is divided by p(1).
12
Suppose 0 = -2*v - 2*a + 5*a + 29, 0 = 4*v + 5*a - 113. Let r = 271 + -263. What is the remainder when v is divided by r?
6
Let r(b) = -b**3 + 5*b**2 - 2*b + 1. Calculate the remainder when (-90 + 106)*(2 - 0) is divided by r(3).
6
Let f be (6/(-5))/((-9)/60). Suppose -f*t = -14*t + 126. What is the remainder when t is divided by 12?
9
Suppose 4*p = h - 26, -2*h - 3*p + 16 = -2*p. What is the remainder when 83 is divided by h?
3
Suppose 4*u - g = -3*g + 218, 53 = u - g. Let m = 469 - 450. What is the remainder when u is divided by m?
16
Let s(c) be the third derivative of c**6/120 - 13*c**5/60 + c**4/2 + c**3/6 + 6*c**2. Calculate the remainder when (-1*(-3 + 0))/3 is divided by s(12).
0
What is the remainder when (-3)/7 + (-7 - 590/(-70)) is divided by (-4)/(-16) - 3/(-4)?
0
Suppose 3*w - 3*d = 96, 5*w + d - 162 = 5*d. Calculate the remainder when w is divided by (-17)/(-2) - 2/(-4).
7
Suppose -3*q + 3*m = -3885, 3*q + 5*m - 3439 = 414. Calculate the remainder when q is divided by 76.
75
Suppose 0 = 828*q - 819*q - 126. Suppose 0 = -4*c - c + 115. What is the remainder when c is divided by q?
9
Let v = -250 + 266. What is the remainder when 205 is divided by v?
13
Let l be (-1 - (-10)/6)/((-8)/12). Calculate the remainder when 94 is divided by 1*2/l - (-51 + 17).
30
Suppose -3*n + 5 + 31 = 0. Let t(m) = -6 - 2 - 4 - 2 + 6*m. Calculate the remainder when t(n) is divided by 15.
13
Let x be (-19)/(-2)*7/((-14)/(-12)). Suppose x = 3*h - 3. Calculate the remainder when 58 is divided by h.
18
Calculate the remainder when 13 is divided by 26/4 + (-45)/30 - 0.
3
Let d = -202 + 206. Suppose -2*i = -f - 21, 3*f = i - 6 - 7. Suppose d*b = 3*g - i, b + b = g. What is the remainder when 38 is divided by g?
8
What is the remainder when 150 is divided by (24/18)/(2*(-1)/(-12))?
6
What is the remainder when (-29)/435 - (-1443)/45 is divided by 21?
11
Let t = 2312 - 2243. Calculate the remainder when 326 is divided by t.
50
Suppose 17*h - 77 - 229 = 0. Calculate the remainder when 83 is divided by h.
11
Let n = -17 + 68. Let f = -83 - -93. Suppose -4*b = -5*u + n, 2*u - u - b = f. Calculate the remainder when u is divided by 3.
2
Let c be ((-12)/2)/(-10 + 8). Suppose 0 = -c*j - 3, -4*z - 5 = 4*j - 33. What is the remainder when 31 is divided by z?
7
Suppose -1 + 5 = -2*a. Calculate the remainder when 37 is divided by 2/(-5)*115/a.
14
Suppose -36*w - 220 = -58*w. Suppose -4*s + 38 = h, -h = 4*h + 2*s - 100. Calculate the r